{"id":470,"date":"2021-02-03T13:01:31","date_gmt":"2021-02-03T16:01:31","guid":{"rendered":"https:\/\/jetpaper.ar\/sitio\/?post_type=product&#038;p=470"},"modified":"2021-02-03T13:04:13","modified_gmt":"2021-02-03T16:04:13","slug":"carpeta-oficio-marron-con-elastico","status":"publish","type":"product","link":"https:\/\/jetpaper.ar\/?product=carpeta-oficio-marron-con-elastico","title":{"rendered":"Carpeta Oficio &#8211; Marr\u00f3n &#8211; Con El\u00e1stico"},"content":{"rendered":"","protected":false},"excerpt":{"rendered":"<p><strong>Carpeta Oficio Marr\u00f3n Con El\u00e1stico<\/strong><\/p>\n<p>Medidas: 22 x 36 cm<br \/>\n3 Solapas<\/p>\n<p>&nbsp;<\/p>\n","protected":false},"featured_media":471,"comment_status":"closed","ping_status":"closed","template":"","meta":[],"_links":{"self":[{"href":"https:\/\/jetpaper.ar\/index.php?rest_route=\/wp\/v2\/product\/470"}],"collection":[{"href":"https:\/\/jetpaper.ar\/index.php?rest_route=\/wp\/v2\/product"}],"about":[{"href":"https:\/\/jetpaper.ar\/index.php?rest_route=\/wp\/v2\/types\/product"}],"replies":[{"embeddable":true,"href":"https:\/\/jetpaper.ar\/index.php?rest_route=%2Fwp%2Fv2%2Fcomments&post=470"}],"wp:featuredmedia":[{"embeddable":true,"href":"https:\/\/jetpaper.ar\/index.php?rest_route=\/wp\/v2\/media\/471"}],"wp:attachment":[{"href":"https:\/\/jetpaper.ar\/index.php?rest_route=%2Fwp%2Fv2%2Fmedia&parent=470"}],"curies":[{"name":"wp","href":"https:\/\/api.w.org\/{rel}","templated":true}]}}