{"id":1060,"date":"2021-08-27T16:25:17","date_gmt":"2021-08-27T19:25:17","guid":{"rendered":"https:\/\/jetpaper.ar\/?post_type=product&#038;p=1060"},"modified":"2021-08-27T16:48:25","modified_gmt":"2021-08-27T19:48:25","slug":"sk5-unfog-plus-tratamiento-de-plancha","status":"publish","type":"product","link":"https:\/\/jetpaper.ar\/?product=sk5-unfog-plus-tratamiento-de-plancha","title":{"rendered":"SK5 : Unfog Plus Tratamiento de Plancha"},"content":{"rendered":"","protected":false},"excerpt":{"rendered":"<p><strong>SK5 : Unfog Plus Tratamiento de Plancha<\/strong><\/p>\n<p>Soluci\u00f3n desengrasante con poderosos antioxidantes y aditivos de r\u00e1pida acci\u00f3n. Limpia y activa la superficie de la plancha, evitando la generaci\u00f3n de velo y diluyendo todo tipo de tinta. Disponible botella de 1 litro. Caja x 9 uni.<\/p>\n","protected":false},"featured_media":1078,"comment_status":"closed","ping_status":"closed","template":"","meta":[],"_links":{"self":[{"href":"https:\/\/jetpaper.ar\/index.php?rest_route=\/wp\/v2\/product\/1060"}],"collection":[{"href":"https:\/\/jetpaper.ar\/index.php?rest_route=\/wp\/v2\/product"}],"about":[{"href":"https:\/\/jetpaper.ar\/index.php?rest_route=\/wp\/v2\/types\/product"}],"replies":[{"embeddable":true,"href":"https:\/\/jetpaper.ar\/index.php?rest_route=%2Fwp%2Fv2%2Fcomments&post=1060"}],"wp:featuredmedia":[{"embeddable":true,"href":"https:\/\/jetpaper.ar\/index.php?rest_route=\/wp\/v2\/media\/1078"}],"wp:attachment":[{"href":"https:\/\/jetpaper.ar\/index.php?rest_route=%2Fwp%2Fv2%2Fmedia&parent=1060"}],"curies":[{"name":"wp","href":"https:\/\/api.w.org\/{rel}","templated":true}]}}