{"id":1058,"date":"2021-08-27T16:19:37","date_gmt":"2021-08-27T19:19:37","guid":{"rendered":"https:\/\/jetpaper.ar\/?post_type=product&#038;p=1058"},"modified":"2021-08-27T16:52:02","modified_gmt":"2021-08-27T19:52:02","slug":"sk22-alcohol-iso-acondicionadores-para-offset","status":"publish","type":"product","link":"https:\/\/jetpaper.ar\/?product=sk22-alcohol-iso-acondicionadores-para-offset","title":{"rendered":"SK22 : Alcohol ISO Acondicionadores para Offset"},"content":{"rendered":"","protected":false},"excerpt":{"rendered":"<p><strong>SK22 : Alcohol ISO Acondicionadores para Offset<\/strong><\/p>\n<p>Excelente regulador de conductividad. Aporta m\u00e1s brillo en la impresi\u00f3n y ayuda en el secado de la tinta. Combinado con el SK25 se logra la \u00f3ptima combinaci\u00f3n para el agua.<\/p>\n","protected":false},"featured_media":1059,"comment_status":"closed","ping_status":"closed","template":"","meta":[],"_links":{"self":[{"href":"https:\/\/jetpaper.ar\/index.php?rest_route=\/wp\/v2\/product\/1058"}],"collection":[{"href":"https:\/\/jetpaper.ar\/index.php?rest_route=\/wp\/v2\/product"}],"about":[{"href":"https:\/\/jetpaper.ar\/index.php?rest_route=\/wp\/v2\/types\/product"}],"replies":[{"embeddable":true,"href":"https:\/\/jetpaper.ar\/index.php?rest_route=%2Fwp%2Fv2%2Fcomments&post=1058"}],"wp:featuredmedia":[{"embeddable":true,"href":"https:\/\/jetpaper.ar\/index.php?rest_route=\/wp\/v2\/media\/1059"}],"wp:attachment":[{"href":"https:\/\/jetpaper.ar\/index.php?rest_route=%2Fwp%2Fv2%2Fmedia&parent=1058"}],"curies":[{"name":"wp","href":"https:\/\/api.w.org\/{rel}","templated":true}]}}